
-27
Let o(v) = 515*v + 3091. What is o(-6)?
1
Let a(s) = -2*s**3 + 4*s**2 - 3*s + 10. Give a(3).
-17
Let m(a) = -8*a**2 - 137*a + 25. Give m(-14).
375
Let c(l) = l**3 + 20*l**2 - 34*l - 264. Calculate c(-21).
9
Let v(i) = 1341*i + 6644. Calculate v(-5).
-61
Let b(w) = 392*w - 9391. Determine b(24).
17
Let v(k) = 37*k + 1382. What is v(-40)?
-98
Let m(a) = -7*a**2 - 30*a - 10. Calculate m(-6).
-82
Let d(b) = 3*b + 38. Calculate d(-65).
-157
Let b(h) = -19*h**2 - 10*h - 84. Calculate b(-8).
-1220
Let i(r) = -r**3 - 7*r**2 - 3*r - 32. Give i(-7).
-11
Let t(l) = -44*l**3 + 2*l**2 - l - 1. Calculate t(-2).
361
Let l(c) = 398*c - 10296. Determine l(26).
52
Let w(a) = a**2 + 19*a + 117. Give w(-6).
39
Let z(h) = -h**3 + 46*h**2 - 95*h - 1473. Determine z(43).
-11
Let v(l) = l**3 - 86*l**2 + 166*l + 171. Determine v(84).
3
Let g(u) = -72*u - 169. What is g(-5)?
191
Let s(w) = w**2 + 411*w - 9076. What is s(21)?
-4
Let c(n) = -2*n**2 - 37*n + 141. Give c(-23).
-66
Let c(y) = -y**3 + 21*y**2 + y + 1. What is c(21)?
22
Let v(t) = -76*t + 408. Determine v(5).
28
Let b(h) = h**3 - 17*h**2 + 403*h - 6205. What is b(16)?
-13
Let d(b) = 2*b**2 + 47*b - 113. Determine d(-26).
17
Let s(l) = -19*l + 468. Give s(24).
12
Let z(k) = 4*k**2 + 145*k + 42. Give z(-36).
6
Let t(z) = -7285*z + 94697. Give t(13).
-8
Let l(h) = -12*h + 66. Calculate l(13).
-90
Let x(v) = v**2 + 917*v + 31690. What is x(-36)?
-26
Let t(i) = -7*i - 56. Determine t(13).
-147
Let b(p) = 124*p**2 + p - 5. Determine b(-1).
118
Let n(u) = u**2 - 47*u - 461. Determine n(55).
-21
Let s(v) = 8*v + 282. Calculate s(-28).
58
Let r(b) = -2*b**3 - b**2 + 11*b - 14. Give r(7).
-672
Let o(u) = -4*u**3 - 110*u**2 + 35*u - 33. Calculate o(-28).
555
Let y(f) = -93*f**2 + 128*f - 3. Determine y(1).
32
Let l(k) = 168*k + 5401. Determine l(-32).
25
Let j(u) = -u**3 + 4*u**2 + 18*u - 42. What is j(7)?
-63
Let q(l) = -175*l - 919. What is q(-6)?
131
Let b(l) = -3*l**3 + 663*l**2 + 656*l - 6. Determine b(-1).
4
Let y(o) = 13*o**2 + 365*o - 1166. Give y(-31).
12
Let g(r) = -4*r - 65. Give g(-17).
3
Let g(c) = c**3 - 6*c**2 - 40*c + 226. What is g(5)?
1
Let i(r) = -8*r**2 + 453*r - 290. Calculate i(56).
-10
Let c(p) = -3*p**2 - 26*p + 177. Determine c(-13).
8
Let b(k) = k**3 + 59*k**2 + 38*k + 2219. Give b(-59).
-23
Let b(x) = x**3 - 213*x**2 + 197*x + 3176. What is b(212)?
-4
Let b(s) = -489*s + 28348. Calculate b(58).
-14
Let r(y) = 2*y**3 + 57*y**2 - 176*y - 17. Calculate r(3).
22
Let s(r) = 9*r**3 + 2*r**2 + 50*r + 92. What is s(-2)?
-72
Let s(p) = -p**3 + 216*p**2 + 18264*p - 82. Calculate s(-65).
-17
Let b(a) = -a**3 - 10*a**2 - 10*a + 55. Calculate b(-8).
7
Let p(o) = 573*o - 6304. What is p(11)?
-1
Let f(a) = -a**3 - 2*a**2 - 3*a + 146. Give f(0).
146
Let f(c) = -c**2 - 379*c - 28086. What is f(-278)?
-8
Let v(q) = -q**2 + 6*q + 57. What is v(10)?
17
Let l(i) = i**2 - 10*i - 18. Calculate l(11).
-7
Let v(w) = -23*w**2 - 53*w + 55. Give v(-3).
7
Let i(f) = -172*f + 8798. Determine i(51).
26
Let c(j) = j**3 - j**2 + 37*j + 102. Give c(-3).
-45
Let m(g) = -g**2 - 13*g + 2417. Calculate m(-55).
107
Let a(j) = j**3 + 4*j**2 + 37*j + 95. Determine a(-4).
-53
Let d(m) = -17*m**3 + 3*m**2 - 16*m + 17. Give d(1).
-13
Let c(q) = -q**3 - 66*q**2 + 98*q + 2055. Determine c(-67).
-22
Let k(a) = -a**3 + 18*a**2 - 39*a + 108. Calculate k(16).
-4
Let r(w) = w**2 - 73*w + 1209. Give r(47).
-13
Let t(d) = -8*d + 72. Give t(3).
48
Let h(d) = -7*d + 68. Calculate h(7).
19
Let h(t) = 2*t**3 + 63*t**2 - 23*t - 177. Calculate h(-32).
-465
Let y(h) = -4*h**2 + 62*h - 115. Determine y(14).
-31
Let l(v) = 2*v**3 + 98*v**2 + 102*v + 61. Determine l(-48).
-227
Let s(a) = 5*a**2 + 3*a - 54. Determine s(-8).
242
Let i(o) = -o**3 + 36*o**2 - 40*o + 179. Calculate i(35).
4
Let v(r) = 68*r - 165. Calculate v(3).
39
Let w(t) = -23*t - 1169. What is w(-51)?
4
Let b(a) = 77*a + 8645. Calculate b(-112).
21
Let a(l) = 1022*l + 97099. Determine a(-95).
9
Let n(f) = f**3 - 32*f - 110. Calculate n(-4).
-46
Let p(y) = -239*y + 7939. Calculate p(33).
52
Let i(a) = a**3 - 10*a**2 - 1124*a - 270. What is i(39)?
3
Let z(h) = -3*h**2 + 54. What is z(-11)?
-309
Let t(r) = r**3 + 45*r**2 + 34*r - 292. Calculate t(-44).
148
Let h(b) = b**2 - 5*b - 244. Calculate h(16).
-68
Let i(j) = -2*j**3 + 76*j**2 - 483*j + 100. What is i(30)?
10
Let k(h) = -23*h**2 + 4*h - 3. Calculate k(1).
-22
Let r(t) = -t**2 + 92*t - 1422. Give r(71).
69
Let j(k) = 2*k**3 + 10*k**2 - 6*k + 23. Calculate j(-6).
-13
Let q(j) = -9*j**2 - 144*j + 524. What is q(-19)?
11
Let a(f) = -f**2 - 109*f - 1558. What is a(-92)?
6
Let q(a) = 1047*a + 1038. What is q(-1)?
-9
Let q(m) = -m**2 - 199*m + 9. Determine q(0).
9
Let s(b) = 41*b - 138. Determine s(8).
190
Let c(j) = j**3 - 42*j**2 + 77*j - 94. Determine c(40).
-214
Let d(t) = 9*t**2 - 758*t + 130. Calculate d(84).
-38
Let g(l) = -2*l**3 - 25*l**2 + 17*l + 48. What is g(-13)?
-4
Let a(x) = 6*x**2 + 151*x + 715. Determine a(-19).
12
Let v(i) = -49*i + 315. Give v(10).
-175
Let y(h) = 226*h + 465. What is y(-2)?
13
Let h(j) = 1541*j + 3083. Determine h(-2).
1
Let w(r) = r**3 + 51*r**2 + 92*r - 300. What is w(-49)?
-6
Let t(a) = -525*a + 3040. Give t(6).
-110
Let h(x) = 41*x + 786. What is h(-14)?
212
Let h(s) = s**3 - 14*s**2 + 13*s - 1. Calculate h(13).
-1
Let x(t) = -1856*t**2 + 1789*t + 2. Give x(1).
-65
Let n(x) = -11*x**2 + 709*x - 313. What is n(64)?
7
Let p(o) = 10*o + 227. What is p(-20)?
27
Let b(x) = x**3 - 18*x**2 + 69*x - 369. What is b(15)?
-9
Let d(c) = -27*c**2 + 9*c - 8. Calculate d(3).
-224
Let v(r) = -r**2 - 13*r + 74. Calculate v(-14).
60
Let m(x) = -4*x + 95. Determine m(28).
-17
Let v(t) = -8*t**2 - 55*t + 113. Give v(2).
-29
Let x(f) = f**3 + 22*f**2 - 159*f + 104. What is x(-28)?
-148
Let i(r) = -19*r + 666. Calculate i(30).
96
Let o(w) = -36*w - 171. Calculate o(-7).
81
Let x(n) = 30*n + 91. Determine x(-3).
1
Let p(c) = -4*c**2 - 3544*c - 7088. What is p(-2)?
-16
Let m(k) = k**3 + 54*k**2 + 105*k + 372. Determine m(-52).
320
Let f(p) = p**3 + 21*p**2 + 35*p - 48. Calculate f(-19).
9
Let x(i) = 420*i - 34006. Determine x(81).
14
Let g(a) = 27*a**3 - 180*a**2 + 108*a + 3. Determine g(6).
3
Let n(l) = -3*l**3 + 101*l**2 - 159*l - 43. Determine n(32).
-11
Let a(u) = 5*u**3 + 192*u**2 + 74*u - 83. Calculate a(-38).
-7
Let b(o) = -6*o - 115. Determine b(8).
-163
Let w(g) = g**2 - 30*g - 87. Determine w(28).
-143
Let y(g) = 3*g**2 + 61*g - 48. What is y(-21)?
-6
Let j(m) = -m**3 - 15*m**2 - 35*m - 10. Determine j(-14).
284
Let f(x) = x**2 + 82*x + 1016. Calculate f(-67).
11
Let j(p) = 9*p**2 + 6*p + 3. Calculate j(-1).
6
Let d(k) = -84*k - 1610. Give d(-19).
-14
Let r(a) = a**3 - 47*a**2 + 88*a + 44. Give r(45).
-46
Let s(d) = 214*d + 5571. Calculate s(-26).
7
Let p(k) = 28*k - 23. Give p(4).
89
Let k(i) = -2*i**2 - 32*i - 56. Give k(-15).
-26
Let o(r) = -41*r + 1687. Give o(38).
129
Let p(g) = 511*g + 2044. Give p(-4).
0
Let z(l) = -5*l**3 + 3*l**2 - 11*l + 29. Determine z(4).
-287
Let n(r) = 2*r**3 + 39*r**2 + 23*r + 29. Give n(-19).
-47
Let d(f) = f**3 - 6*f**2 - 13*f - 15. What is d(5)?
-105
Let o(q) = 360*q**2 + 1441*q - 9. Determine o(-4).
-13
Let r(w) = w**3 - w**2 + 118*w - 518. Give r(4).
2
Let x(u) = -2*u**2 + 20*u + 119. Determine x(19).
-223
Let q(s) = -134*s - 1223. Determine q(-9).
-17
Let a(o) = 2*o**2 + 115*o + 303. What is a(-55)?
28
Let c(p) = -3*p**2 + 27*p - 15. Give c(-8).
-423
Let i(u) = -8*u**2 - 685*u + 249. What is i(-86)?
-9
Let h(p) = -198*p + 998. Calculate h(5).
8
Let m(b) = 10*b + 75. Give m(-9).
-15
Let s(h) = -409*h - 7765. Give s(-19).
6
Let m(i) = -4*i**2 - 74*i - 225. Give m(-4).
7
Let z(b) = b**3 - b**2 + 725*b - 1450. Give z(2).
4
Let k(n) = 44*n - 2280. What is k(50)?
-80
Let t(r) = -r**3 + 27*r**2 + 428*r + 1560. What is t(39)?
0
Let k(j) = 477*j + 2404. Calculate k(-5).
19
Let p(n) = -2*n**2 + 145*n + 618. Calculate p(-4).
6
Let f(r) = -r**3 + 5*r**2 + 76*r + 12. Give f(-7).
68
Let u(p) = 5*p**2 + 138*p + 777. What is u(-7)?
56
Let v(p) = p**2 + 2412*p - 70794. Determine v(29).
-5
Let o(n) = -183*n + 4947. Give o(27).
6
Let j(c) = 2*c**3 - 34*c**2 + 18*c + 44. Calculate j(16).
-180
Let z(i) = 1008*i + 6068. Calculate z(-6).
20
Let f(j) = 34*j + 165. Calculate f(-5).
-5
Let l(s)